 1431?
True
Does 117 divide 2066?
False
Does 28 divide 1909?
False
Is 55 a factor of 10230?
True
Is 107 a factor of 3531?
True
Is 52 a factor of 743?
False
Does 42 divide 1031?
False
Does 15 divide 756?
False
Is 2548 a multiple of 6?
False
Is 11 a factor of 1897?
False
Is 63 a factor of 1827?
True
Is 3352 a multiple of 3?
False
Is 15 a factor of 18557?
False
Does 51 divide 3963?
False
Is 11604 a multiple of 4?
True
Does 16 divide 35392?
True
Does 29 divide 2412?
False
Does 8 divide 16808?
True
Does 10 divide 1252?
False
Does 5 divide 828?
False
Does 68 divide 66175?
False
Is 15 a factor of 870?
True
Is 47762 a multiple of 12?
False
Is 777 a multiple of 27?
False
Does 21 divide 336?
True
Is 16 a factor of 17502?
False
Is 25935 a multiple of 133?
True
Is 16 a factor of 117?
False
Is 1428 a multiple of 17?
True
Is 406 a multiple of 18?
False
Does 38 divide 1216?
True
Is 29 a factor of 900?
False
Does 154 divide 9394?
True
Does 56 divide 1568?
True
Is 57 a factor of 16990?
False
Does 13 divide 104?
True
Is 25 a factor of 1400?
True
Does 41 divide 14924?
True
Does 2 divide 424?
True
Does 3 divide 51?
True
Is 7514 a multiple of 3?
False
Is 7 a factor of 3808?
True
Is 8748 a multiple of 45?
False
Is 49844 a multiple of 68?
True
Is 19 a factor of 4883?
True
Is 104 a multiple of 4?
True
Does 118 divide 5519?
False
Does 109 divide 44036?
True
Is 163 even?
False
Is 278 a multiple of 13?
False
Is 73 a factor of 789?
False
Is 7438 a multiple of 19?
False
Is 34 a factor of 17156?
False
Is 1004 a multiple of 31?
False
Is 10248 a multiple of 9?
False
Is 2233 a multiple of 11?
True
Does 92 divide 92?
True
Is 2695 a multiple of 19?
False
Does 54 divide 7776?
True
Is 4425 a multiple of 25?
True
Does 59 divide 590?
True
Is 12457 a multiple of 70?
False
Is 5 a factor of 1101?
False
Is 162 a factor of 43416?
True
Is 620 a multiple of 12?
False
Is 12 a factor of 1788?
True
Is 5 a factor of 300?
True
Is 17 a factor of 612?
True
Is 10 a factor of 645?
False
Is 5400 a multiple of 36?
True
Is 2520 a multiple of 45?
True
Does 25 divide 1075?
True
Is 42087 a multiple of 13?
False
Does 21 divide 1722?
True
Is 12 a factor of 2537?
False
Does 17 divide 2393?
False
Is 88 a multiple of 14?
False
Does 20 divide 4300?
True
Does 16 divide 4011?
False
Does 49 divide 57232?
True
Is 671 a multiple of 36?
False
Is 210 a multiple of 15?
True
Is 57 a multiple of 19?
True
Does 53 divide 2014?
True
Does 75 divide 825?
True
Is 5900 a multiple of 5?
True
Is 14125 a multiple of 125?
True
Is 44 a factor of 2772?
True
Is 13 a factor of 3728?
False
Is 8961 a multiple of 87?
True
Is 67 a factor of 323?
False
Is 26 a factor of 708?
False
Does 6 divide 22260?
True
Is 3680 a multiple of 8?
True
Does 15 divide 67?
False
Does 12 divide 4826?
False
Is 650 a multiple of 21?
False
Does 17 divide 714?
True
Does 19 divide 26?
False
Is 80801 a multiple of 28?
False
Is 3662 a multiple of 27?
False
Does 217 divide 7812?
True
Is 3 a factor of 775?
False
Does 34 divide 6596?
True
Is 2579 a multiple of 4?
False
Does 19 divide 3995?
False
Is 6 a factor of 8?
False
Is 68 a factor of 3264?
True
Does 58 divide 1225?
False
Is 147 a multiple of 49?
True
Is 4 a factor of 3044?
True
Does 77 divide 5329?
False
Is 272 a multiple of 53?
False
Does 12 divide 36684?
True
Is 52 a multiple of 18?
False
Does 42 divide 1974?
True
Does 45 divide 7740?
True
Is 1768 a multiple of 9?
False
Is 4547 a multiple of 13?
False
Is 22880 a multiple of 176?
True
Is 102 a factor of 2346?
True
Does 58 divide 251?
False
Is 23180 a multiple of 63?
False
Is 20 a factor of 2328?
False
Does 115 divide 21850?
True
Is 1599 a multiple of 20?
False
Is 155 a factor of 7755?
False
Is 715 a multiple of 50?
False
Is 1476 a multiple of 82?
True
Is 18 a factor of 1872?
True
Is 2107 a multiple of 49?
True
Does 13 divide 1573?
True
Is 67 a factor of 15678?
True
Is 25 a factor of 3050?
True
Does 8 divide 48213?
False
Is 54 a factor of 1080?
True
Is 3744 a multiple of 36?
True
Does 119 divide 21940?
False
Is 10 a factor of 864?
False
Is 288 a multiple of 18?
True
Does 88 divide 3520?
True
Does 42 divide 504?
True
Is 173 a multiple of 7?
False
Does 5 divide 320?
True
Is 290 a multiple of 5?
True
Does 26 divide 433?
False
Is 4192 a multiple of 22?
False
Is 7 a factor of 182?
True
Is 527 a multiple of 32?
False
Is 137 a multiple of 2?
False
Does 31 divide 3937?
True
Is 194 a multiple of 5?
False
Does 50 divide 8238?
False
Does 82 divide 23614?
False
Does 72 divide 24480?
True
Is 9 a factor of 733?
False
Is 2311 a multiple of 116?
False
Does 6 divide 13104?
True
Does 30 divide 858?
False
Is 150 a factor of 8700?
True
Is 67 a factor of 12797?
True
Is 11025 a multiple of 63?
True
Is 91044 a multiple of 108?
True
Is 79 a factor of 3239?
True
Does 15 divide 895?
False
Is 126 a factor of 1764?
True
Does 5 divide 155?
True
Is 2 a factor of 53?
False
Is 12 a factor of 609?
False
Is 25240 a multiple of 10?
True
Is 3684 a multiple of 12?
True
Is 22 a factor of 632?
False
Does 51 divide 13523?
False
Does 96 divide 11328?
True
Is 478 a multiple of 63?
False
Is 5224 a multiple of 3?
False
Is 88 a factor of 42477?
False
Is 13 a factor of 1617?
False
Is 9 a factor of 270?
True
Does 16 divide 512?
True
Is 107 a factor of 4235?
False
Is 76 a factor of 18772?
True
Is 1824 a multiple of 22?
False
Is 91065 a multiple of 195?
True
Does 27 divide 1439?
False
Is 26 a factor of 14873?
False
Is 347 a multiple of 3?
False
Is 344 a multiple of 86?
True
Is 276 a factor of 24288?
True
Is 232 a factor of 45472?
True
Is 213 a multiple of 3?
True
Is 42 a factor of 1191?
False
Does 8 divide 1592?
True
Is 10 a factor of 95?
False
Is 15568 a multiple of 28?
True
Is 3 a factor of 4923?
True
Is 33 a factor of 827?
False
Does 17 divide 1190?
True
Is 1901 a multiple of 7?
False
Is 26355 a multiple of 101?
False
Is 23 a factor of 266?
False
Is 56 a factor of 3304?
True
Is 166 a factor of 60092?
True
Is 1848 a multiple of 132?
True
Does 40 divide 15974?
False
Does 16 divide 230?
False
Is 78945 a multiple of 285?
True
Is 85 a factor of 506?
False
Is 9113 a multiple of 2?
False
Is 14 a factor of 5688?
False
Does 28 divide 3052?
True
Is 19 a factor of 247?
True
Does 15 divide 405?
True
Does 79 divide 2607?
True
Does 117 divide 964?
False
Is 42824 a multiple of 6?
False
Is 36 a factor of 1440?
True
Does 27 divide 817?
False
Is 12 a factor of 2292?
True
Is 36 a factor of 288?
True
Does 5 divide 20567?
False
Does 33 divide 263?
False
Does 30 divide 3843?
False
Is 795 a multiple of 15?
True
Does 14 divide 6825?
False
Is 10564 a multiple of 3?
False
Is 16 a factor of 8288?
True
Is 8951 a multiple of 5?
False
Does 13 divide 988?
True
Is 40 a multiple of 20?
True
Does 13 divide 692?
False
Is 2175 a multiple of 109?
False
Is 230 a multiple of 7?
False
Does 9 divide 126?
True
Does 47 divide 1459?
False
Is 13378 a multiple of 28?
False
Does 3 divide 4727?
False
Is 18 a factor of 7088?
False
Is 8401 a multiple of 31?
True
Does 11 divide 1105?
False
Is 12 a factor of 1697?
False
Is 14 a factor of 120?
False
Is 1188 a multiple of 12?
True
Is 34 a factor of 2651?
False
Is 875 a multiple of 7?
True
Is 30 a factor of 7785?
False
Does 3 divide 771?
True
Is 16 a factor of 3049?
False
Is 2618 a multiple of 14?
True
Is 15 a factor of 1785?
True
Is 138 a factor of 62023?
False
Is 60 a factor of 5220?
True
Is 13 a factor of 923?
True
Is 23612 a multiple of 21?
False
Is 9 a factor of 15154?
False
Is 27 a factor of 15120?
True
Is 49 a factor of 2783?
False
Is 15 a factor of 827?
False
Is 28 a multiple of 4?
True
Is 1428 a multiple of 17?
True
Is 25284 a multiple of 84?
True
Is 37 a factor of 6088?
False
Is 342 a multiple of 11?
False
Is 88 a factor of 39165?
False
Does 7 divide 1040?
False
Does 18 divide 8064?
True
Is 32 a multiple of 8?
True
Is 21 a factor of 6363?
True
Does 34 divide 553?
False
Does 51 divide 845?
False
Is 4 a factor of 2665?
False
Is 32 a factor of 800?
True
Is 100188 a multiple of 34?
False
Is 54 a multiple of 6?
True
Is 415 a multiple of 25?
False
Is 7 a factor of 595?
True
Is 527 a multiple of 17?
True
Is 154 a multiple of 12?
False
Does 5 divide 515?
True
Does 4 divide 648?
True
Is 1959 a multiple of 27?
False
Is 34 a factor of 374?
True
Is 15 a factor of 420?
True
Is 420 a multiple of 15?
True
Is 3 a